{"id":324,"date":"2022-05-02T13:57:30","date_gmt":"2022-05-02T11:57:30","guid":{"rendered":"http:\/\/centrcv.cluster031.hosting.ovh.net\/?page_id=324"},"modified":"2025-03-07T12:16:07","modified_gmt":"2025-03-07T11:16:07","slug":"enfance-2","status":"publish","type":"page","link":"https:\/\/centresocialcroixmercier.fr\/index.php\/enfance-2\/","title":{"rendered":"Enfants 3\/11 ans"},"content":{"rendered":"<p><img fetchpriority=\"high\" decoding=\"async\" class=\"alignnone wp-image-1818 size-full\" src=\"https:\/\/centresocialcroixmercier.fr\/wp-content\/uploads\/2025\/03\/SITE-INTERNET-Plaquette-annuelle-15.png\" alt=\"\" width=\"977\" height=\"1077\" srcset=\"https:\/\/centresocialcroixmercier.fr\/wp-content\/uploads\/2025\/03\/SITE-INTERNET-Plaquette-annuelle-15.png 977w, https:\/\/centresocialcroixmercier.fr\/wp-content\/uploads\/2025\/03\/SITE-INTERNET-Plaquette-annuelle-15-272x300.png 272w, https:\/\/centresocialcroixmercier.fr\/wp-content\/uploads\/2025\/03\/SITE-INTERNET-Plaquette-annuelle-15-929x1024.png 929w, https:\/\/centresocialcroixmercier.fr\/wp-content\/uploads\/2025\/03\/SITE-INTERNET-Plaquette-annuelle-15-768x847.png 768w\" sizes=\"(max-width: 977px) 100vw, 977px\" \/><\/p>\n<h6>&nbsp;<\/h6>\n<h6>&nbsp;<\/h6>\n<h6><strong>Accueil au centre social Croix Mercier &#8211; 17, rue Augustin Fresnel 61000 Alen\u00e7on<\/strong><\/h6>\n<ul>\n<li>Mercredis en p\u00e9riode scolaire<\/li>\n<li>Vacances scolaires (toutes p\u00e9riodes de vacances)<\/li>\n<\/ul>\n<h6><strong>Accueil \u00e0 Valframbert &#8211; all\u00e9e du Stade 61250 Valframbert<\/strong><\/h6>\n<ul>\n<li>Mercredis en p\u00e9riode scolaire<\/li>\n<li>Vacances scolaires (vacances d&rsquo;automne ; vacances d&rsquo;hiver, vacances de printemps, trois premi\u00e8res semaines de juillet et deux derni\u00e8res semaines d&rsquo;ao\u00fbt)<\/li>\n<\/ul>\n<h6><strong>Accueil \u00e0 Lonrai &#8211; le bourg 61250 Lonrai (locaux de l&rsquo;\u00e9cole)<\/strong><\/h6>\n<ul>\n<li>Vacances scolaires (trois premi\u00e8res semaines de juillet)<\/li>\n<\/ul>\n<p>&nbsp;<\/p>\n","protected":false},"excerpt":{"rendered":"<p>&nbsp; &nbsp; Accueil au centre social Croix Mercier &#8211; 17, rue Augustin Fresnel 61000 Alen\u00e7on Mercredis en p\u00e9riode scolaire Vacances scolaires (toutes p\u00e9riodes de vacances) Accueil \u00e0 Valframbert &#8211; all\u00e9e du Stade 61250 Valframbert Mercredis en p\u00e9riode scolaire Vacances scolaires (vacances d&rsquo;automne ; vacances d&rsquo;hiver, vacances de printemps, trois premi\u00e8res semaines de juillet et deux &hellip;<\/p>\n<p class=\"read-more\"> <a class=\"\" href=\"https:\/\/centresocialcroixmercier.fr\/index.php\/enfance-2\/\"> <span class=\"screen-reader-text\">Enfants 3\/11 ans<\/span> Lire la suite \u00bb<\/a><\/p>\n","protected":false},"author":1,"featured_media":0,"parent":0,"menu_order":0,"comment_status":"closed","ping_status":"closed","template":"","meta":{"content-type":"","site-sidebar-layout":"default","site-content-layout":"default","ast-global-header-display":"","ast-banner-title-visibility":"","ast-main-header-display":"","ast-hfb-above-header-display":"","ast-hfb-below-header-display":"","ast-hfb-mobile-header-display":"","site-post-title":"","ast-breadcrumbs-content":"","ast-featured-img":"","footer-sml-layout":"","theme-transparent-header-meta":"default","adv-header-id-meta":"","stick-header-meta":"default","header-above-stick-meta":"","header-main-stick-meta":"","header-below-stick-meta":"","ngg_post_thumbnail":0,"footnotes":""},"class_list":["post-324","page","type-page","status-publish","hentry"],"_links":{"self":[{"href":"https:\/\/centresocialcroixmercier.fr\/index.php\/wp-json\/wp\/v2\/pages\/324","targetHints":{"allow":["GET"]}}],"collection":[{"href":"https:\/\/centresocialcroixmercier.fr\/index.php\/wp-json\/wp\/v2\/pages"}],"about":[{"href":"https:\/\/centresocialcroixmercier.fr\/index.php\/wp-json\/wp\/v2\/types\/page"}],"author":[{"embeddable":true,"href":"https:\/\/centresocialcroixmercier.fr\/index.php\/wp-json\/wp\/v2\/users\/1"}],"replies":[{"embeddable":true,"href":"https:\/\/centresocialcroixmercier.fr\/index.php\/wp-json\/wp\/v2\/comments?post=324"}],"version-history":[{"count":35,"href":"https:\/\/centresocialcroixmercier.fr\/index.php\/wp-json\/wp\/v2\/pages\/324\/revisions"}],"predecessor-version":[{"id":1819,"href":"https:\/\/centresocialcroixmercier.fr\/index.php\/wp-json\/wp\/v2\/pages\/324\/revisions\/1819"}],"wp:attachment":[{"href":"https:\/\/centresocialcroixmercier.fr\/index.php\/wp-json\/wp\/v2\/media?parent=324"}],"curies":[{"name":"wp","href":"https:\/\/api.w.org\/{rel}","templated":true}]}}

<p><img fetchpriority="high" decoding="async" class="alignnone wp-image-1818 size-full" src="https://centresocialcroixmercier.fr/wp-content/uploads/2025/03/SITE-INTERNET-Plaquette-annuelle-15.png" alt="" width="977" height="1077" srcset="https://centresocialcroixmercier.fr/wp-content/uploads/2025/03/SITE-INTERNET-Plaquette-annuelle-15.png 977w, https://centresocialcroixmercier.fr/wp-content/uploads/2025/03/SITE-INTERNET-Plaquette-annuelle-15-272x300.png 272w, https://centresocialcroixmercier.fr/wp-content/uploads/2025/03/SITE-INTERNET-Plaquette-annuelle-15-929x1024.png 929w, https://centresocialcroixmercier.fr/wp-content/uploads/2025/03/SITE-INTERNET-Plaquette-annuelle-15-768x847.png 768w" sizes="(max-width: 977px) 100vw, 977px" /></p>
<h6>&nbsp;</h6>
<h6>&nbsp;</h6>
<h6><strong>Accueil au centre social Croix Mercier &#8211; 17, rue Augustin Fresnel 61000 Alençon</strong></h6>
<ul>
<li>Mercredis en période scolaire</li>
<li>Vacances scolaires (toutes périodes de vacances)</li>
</ul>
<h6><strong>Accueil à Valframbert &#8211; allée du Stade 61250 Valframbert</strong></h6>
<ul>
<li>Mercredis en période scolaire</li>
<li>Vacances scolaires (vacances d&rsquo;automne ; vacances d&rsquo;hiver, vacances de printemps, trois premières semaines de juillet et deux dernières semaines d&rsquo;août)</li>
</ul>
<h6><strong>Accueil à Lonrai &#8211; le bourg 61250 Lonrai (locaux de l&rsquo;école)</strong></h6>
<ul>
<li>Vacances scolaires (trois premières semaines de juillet)</li>
</ul>
<p>&nbsp;</p>

<p>&nbsp; &nbsp; Accueil au centre social Croix Mercier &#8211; 17, rue Augustin Fresnel 61000 Alençon Mercredis en période scolaire Vacances scolaires (toutes périodes de vacances) Accueil à Valframbert &#8211; allée du Stade 61250 Valframbert Mercredis en période scolaire Vacances scolaires (vacances d&rsquo;automne ; vacances d&rsquo;hiver, vacances de printemps, trois premières semaines de juillet et deux &hellip;</p>
<p class="read-more"> <a class="" href="https://centresocialcroixmercier.fr/index.php/enfance-2/"> <span class="screen-reader-text">Enfants 3/11 ans</span> Lire la suite »</a></p>
