{"id":677,"date":"2022-05-19T16:23:15","date_gmt":"2022-05-19T14:23:15","guid":{"rendered":"http:\/\/centrcv.cluster031.hosting.ovh.net\/?page_id=677"},"modified":"2025-02-25T17:43:04","modified_gmt":"2025-02-25T16:43:04","slug":"quest-ce-quun-centre-social","status":"publish","type":"page","link":"https:\/\/centresocialcroixmercier.fr\/index.php\/quest-ce-quun-centre-social\/","title":{"rendered":"Qu&rsquo;est-ce qu&rsquo;un centre social ?"},"content":{"rendered":"<p>Lieu de vie, carrefour interg\u00e9n\u00e9rationnel, relais de services publics, le Centre Social est un espace ouvert \u00e0 tous, con\u00e7u pour et par les habitants.<\/p>\n<p>Le centre social est un \u00e9quipement de proximit\u00e9, ouvert \u00e0 l\u2019ensemble des habitants, offrant accueil, animation, activit\u00e9s et services \u00e0 finalit\u00e9 sociale. S\u2019inspirant des valeurs de dignit\u00e9, solidarit\u00e9 et d\u00e9mocratie, le centre social est un lieu d\u2019initiatives, d\u2019\u00e9changes et de rencontres.<\/p>\n<p>De l\u2019accueil en centre de loisirs aux cours de sports, en passant par des ateliers cr\u00e9atifs et des \u00e9v\u00e8nements culturels, les activit\u00e9s propos\u00e9es au sein d\u2019un centre social sont tr\u00e8s vari\u00e9es et accessibles \u00e0 tous.<\/p>\n<p>Le centre social d\u00e9veloppe ses services et ses activit\u00e9s en fonction d\u2019un projet social \u00e9labor\u00e9 avec les habitants, qui jouent un r\u00f4le central dans les choix et les orientations de l\u2019\u00e9quipement.<\/p>\n<div dir=\"auto\">&nbsp;<\/div>\n<div dir=\"auto\"><img fetchpriority=\"high\" decoding=\"async\" class=\"alignnone wp-image-1732 size-full\" src=\"https:\/\/centresocialcroixmercier.fr\/wp-content\/uploads\/2025\/02\/SITE-INTERNET-Plaquette-annuelle-1.png\" alt=\"\" width=\"1098\" height=\"1236\" srcset=\"https:\/\/centresocialcroixmercier.fr\/wp-content\/uploads\/2025\/02\/SITE-INTERNET-Plaquette-annuelle-1.png 1098w, https:\/\/centresocialcroixmercier.fr\/wp-content\/uploads\/2025\/02\/SITE-INTERNET-Plaquette-annuelle-1-267x300.png 267w, https:\/\/centresocialcroixmercier.fr\/wp-content\/uploads\/2025\/02\/SITE-INTERNET-Plaquette-annuelle-1-910x1024.png 910w, https:\/\/centresocialcroixmercier.fr\/wp-content\/uploads\/2025\/02\/SITE-INTERNET-Plaquette-annuelle-1-768x865.png 768w\" sizes=\"(max-width: 1098px) 100vw, 1098px\" \/><\/div>\n<div dir=\"auto\">&nbsp;<\/div>\n<div dir=\"auto\">&nbsp;<\/div>\n<div dir=\"auto\">&nbsp;<\/div>\n<div dir=\"auto\">\n<div style=\"width: 640px;\" class=\"wp-video\"><video class=\"wp-video-shortcode\" id=\"video-677-1\" width=\"640\" height=\"360\" autoplay preload=\"metadata\" controls=\"controls\"><source type=\"video\/mp4\" src=\"https:\/\/centresocialcroixmercier.fr\/wp-content\/uploads\/2025\/02\/Dessin-anime-La-Fabrique-des-possibles.mp4?_=1\" \/><a href=\"https:\/\/centresocialcroixmercier.fr\/wp-content\/uploads\/2025\/02\/Dessin-anime-La-Fabrique-des-possibles.mp4\">https:\/\/centresocialcroixmercier.fr\/wp-content\/uploads\/2025\/02\/Dessin-anime-La-Fabrique-des-possibles.mp4<\/a><\/video><\/div>\n<\/div>\n<div dir=\"auto\">&nbsp;<\/div>\n<div dir=\"auto\">&nbsp;<\/div>\n","protected":false},"excerpt":{"rendered":"<p>Lieu de vie, carrefour interg\u00e9n\u00e9rationnel, relais de services publics, le Centre Social est un espace ouvert \u00e0 tous, con\u00e7u pour et par les habitants. Le centre social est un \u00e9quipement de proximit\u00e9, ouvert \u00e0 l\u2019ensemble des habitants, offrant accueil, animation, activit\u00e9s et services \u00e0 finalit\u00e9 sociale. S\u2019inspirant des valeurs de dignit\u00e9, solidarit\u00e9 et d\u00e9mocratie, le &hellip;<\/p>\n<p class=\"read-more\"> <a class=\"\" href=\"https:\/\/centresocialcroixmercier.fr\/index.php\/quest-ce-quun-centre-social\/\"> <span class=\"screen-reader-text\">Qu&rsquo;est-ce qu&rsquo;un centre social ?<\/span> Lire la suite \u00bb<\/a><\/p>\n","protected":false},"author":1,"featured_media":0,"parent":0,"menu_order":0,"comment_status":"closed","ping_status":"closed","template":"","meta":{"content-type":"","site-sidebar-layout":"default","site-content-layout":"default","ast-global-header-display":"","ast-banner-title-visibility":"","ast-main-header-display":"","ast-hfb-above-header-display":"","ast-hfb-below-header-display":"","ast-hfb-mobile-header-display":"","site-post-title":"","ast-breadcrumbs-content":"","ast-featured-img":"","footer-sml-layout":"","theme-transparent-header-meta":"default","adv-header-id-meta":"","stick-header-meta":"default","header-above-stick-meta":"","header-main-stick-meta":"","header-below-stick-meta":"","ngg_post_thumbnail":0,"footnotes":""},"class_list":["post-677","page","type-page","status-publish","hentry"],"_links":{"self":[{"href":"https:\/\/centresocialcroixmercier.fr\/index.php\/wp-json\/wp\/v2\/pages\/677","targetHints":{"allow":["GET"]}}],"collection":[{"href":"https:\/\/centresocialcroixmercier.fr\/index.php\/wp-json\/wp\/v2\/pages"}],"about":[{"href":"https:\/\/centresocialcroixmercier.fr\/index.php\/wp-json\/wp\/v2\/types\/page"}],"author":[{"embeddable":true,"href":"https:\/\/centresocialcroixmercier.fr\/index.php\/wp-json\/wp\/v2\/users\/1"}],"replies":[{"embeddable":true,"href":"https:\/\/centresocialcroixmercier.fr\/index.php\/wp-json\/wp\/v2\/comments?post=677"}],"version-history":[{"count":10,"href":"https:\/\/centresocialcroixmercier.fr\/index.php\/wp-json\/wp\/v2\/pages\/677\/revisions"}],"predecessor-version":[{"id":1793,"href":"https:\/\/centresocialcroixmercier.fr\/index.php\/wp-json\/wp\/v2\/pages\/677\/revisions\/1793"}],"wp:attachment":[{"href":"https:\/\/centresocialcroixmercier.fr\/index.php\/wp-json\/wp\/v2\/media?parent=677"}],"curies":[{"name":"wp","href":"https:\/\/api.w.org\/{rel}","templated":true}]}}