{"id":680,"date":"2022-05-19T16:23:15","date_gmt":"2022-05-19T14:23:15","guid":{"rendered":"http:\/\/centrcv.cluster031.hosting.ovh.net\/?page_id=680"},"modified":"2025-02-25T11:57:43","modified_gmt":"2025-02-25T10:57:43","slug":"notre-projet-social-2023-2026","status":"publish","type":"page","link":"https:\/\/centresocialcroixmercier.fr\/index.php\/notre-projet-social-2023-2026\/","title":{"rendered":"Notre projet social 2023\/2026"},"content":{"rendered":"<h4>&nbsp;<\/h4>\n<h4>Qu&rsquo;est ce qu&rsquo;un projet social ?<\/h4>\n<p>&nbsp;<\/p>\n<p>Le projet social est une feuille de route qui guide l\u2019action du centre social et lui permet :<br \/>\n&#8211; d\u2019interroger l\u2019environnement social, \u00e9conomique et institutionnel et rep\u00e9rer les \u00e9volutions du territoire.<br \/>\n&#8211; d\u2019engager un bilan partag\u00e9 (les missions, les services et activit\u00e9s propos\u00e9s et les perspectives) avec l\u2019ensemble des acteurs du centre (professionnels, b\u00e9n\u00e9voles, habitants, partenaires)<br \/>\n&#8211; de mettre en exergue les pr\u00e9conisations des acteurs, d\u00e9finir les axes prioritaires et mettre en place un plan d\u2019action.<\/p>\n<p>Ainsi le projet social est d\u00e9fini comme projet de territoire qui promeut une dynamique de d\u00e9veloppement, de changement, de transformation et de progr\u00e8s, dans lequel chaque acteur se reconna\u00eet.<\/p>\n<p>L\u2019\u00e9laboration du projet permet d\u2019impulser une d\u00e9marche de r\u00e9flexions et d\u2019actions ayant pour but de mobiliser, faire participer diff\u00e9rents acteurs de culture, de centres d\u2019int\u00e9r\u00eat diff\u00e9rents dans un projet collectif.<\/p>\n<p>&nbsp;<\/p>\n<h4>Notre projet social 2023\/2026 ?<\/h4>\n<p>&nbsp;<\/p>\n<p><img fetchpriority=\"high\" decoding=\"async\" class=\"alignnone wp-image-1740 size-full\" src=\"https:\/\/centresocialcroixmercier.fr\/wp-content\/uploads\/2025\/02\/SITE-INTERNET-Plaquette-annuelle-4.png\" alt=\"\" width=\"871\" height=\"1134\" srcset=\"https:\/\/centresocialcroixmercier.fr\/wp-content\/uploads\/2025\/02\/SITE-INTERNET-Plaquette-annuelle-4.png 871w, https:\/\/centresocialcroixmercier.fr\/wp-content\/uploads\/2025\/02\/SITE-INTERNET-Plaquette-annuelle-4-230x300.png 230w, https:\/\/centresocialcroixmercier.fr\/wp-content\/uploads\/2025\/02\/SITE-INTERNET-Plaquette-annuelle-4-787x1024.png 787w, https:\/\/centresocialcroixmercier.fr\/wp-content\/uploads\/2025\/02\/SITE-INTERNET-Plaquette-annuelle-4-768x1000.png 768w\" sizes=\"(max-width: 871px) 100vw, 871px\" \/><\/p>\n<p>&nbsp;<\/p>\n<div style=\"width: 640px;\" class=\"wp-video\"><video class=\"wp-video-shortcode\" id=\"video-680-1\" width=\"640\" height=\"360\" preload=\"metadata\" controls=\"controls\"><source type=\"video\/mp4\" src=\"https:\/\/centresocialcroixmercier.fr\/wp-content\/uploads\/2022\/10\/Le-projet-social-2023-2026-Centre-Social-Croix-Mercier-1.mp4?_=1\" \/><a href=\"https:\/\/centresocialcroixmercier.fr\/wp-content\/uploads\/2022\/10\/Le-projet-social-2023-2026-Centre-Social-Croix-Mercier-1.mp4\">https:\/\/centresocialcroixmercier.fr\/wp-content\/uploads\/2022\/10\/Le-projet-social-2023-2026-Centre-Social-Croix-Mercier-1.mp4<\/a><\/video><\/div>\n<p>&nbsp;<\/p>\n<p>&nbsp;<\/p>\n<div class=\"_df_book df-lite\" id=\"df_1267\"  _slug=\"projet-social-2023-2026-centre-social-croix-mercier\" data-title=\"projet-social-2023-2026-centre-social-croix-mercier\" wpoptions=\"true\" thumbtype=\"\" ><\/div><script class=\"df-shortcode-script\" nowprocket type=\"application\/javascript\">window.option_df_1267 = {\"outline\":[],\"autoEnableOutline\":\"false\",\"autoEnableThumbnail\":\"false\",\"overwritePDFOutline\":\"false\",\"direction\":\"1\",\"pageSize\":\"0\",\"source\":\"https:\\\/\\\/centresocialcroixmercier.fr\\\/wp-content\\\/uploads\\\/2023\\\/05\\\/Projet-social-23-26-CSCM-1_compressed.pdf\",\"wpOptions\":\"true\"}; if(window.DFLIP && window.DFLIP.parseBooks){window.DFLIP.parseBooks();}<\/script>\n","protected":false},"excerpt":{"rendered":"<p>&nbsp; Qu&rsquo;est ce qu&rsquo;un projet social ? &nbsp; Le projet social est une feuille de route qui guide l\u2019action du centre social et lui permet : &#8211; d\u2019interroger l\u2019environnement social, \u00e9conomique et institutionnel et rep\u00e9rer les \u00e9volutions du territoire. &#8211; d\u2019engager un bilan partag\u00e9 (les missions, les services et activit\u00e9s propos\u00e9s et les perspectives) avec &hellip;<\/p>\n<p class=\"read-more\"> <a class=\"\" href=\"https:\/\/centresocialcroixmercier.fr\/index.php\/notre-projet-social-2023-2026\/\"> <span class=\"screen-reader-text\">Notre projet social 2023\/2026<\/span> Lire la suite \u00bb<\/a><\/p>\n","protected":false},"author":1,"featured_media":0,"parent":0,"menu_order":0,"comment_status":"closed","ping_status":"closed","template":"","meta":{"content-type":"","site-sidebar-layout":"default","site-content-layout":"default","ast-global-header-display":"","ast-banner-title-visibility":"","ast-main-header-display":"","ast-hfb-above-header-display":"","ast-hfb-below-header-display":"","ast-hfb-mobile-header-display":"","site-post-title":"","ast-breadcrumbs-content":"","ast-featured-img":"","footer-sml-layout":"","theme-transparent-header-meta":"default","adv-header-id-meta":"","stick-header-meta":"default","header-above-stick-meta":"","header-main-stick-meta":"","header-below-stick-meta":"","ngg_post_thumbnail":0,"footnotes":""},"class_list":["post-680","page","type-page","status-publish","hentry"],"_links":{"self":[{"href":"https:\/\/centresocialcroixmercier.fr\/index.php\/wp-json\/wp\/v2\/pages\/680","targetHints":{"allow":["GET"]}}],"collection":[{"href":"https:\/\/centresocialcroixmercier.fr\/index.php\/wp-json\/wp\/v2\/pages"}],"about":[{"href":"https:\/\/centresocialcroixmercier.fr\/index.php\/wp-json\/wp\/v2\/types\/page"}],"author":[{"embeddable":true,"href":"https:\/\/centresocialcroixmercier.fr\/index.php\/wp-json\/wp\/v2\/users\/1"}],"replies":[{"embeddable":true,"href":"https:\/\/centresocialcroixmercier.fr\/index.php\/wp-json\/wp\/v2\/comments?post=680"}],"version-history":[{"count":14,"href":"https:\/\/centresocialcroixmercier.fr\/index.php\/wp-json\/wp\/v2\/pages\/680\/revisions"}],"predecessor-version":[{"id":1741,"href":"https:\/\/centresocialcroixmercier.fr\/index.php\/wp-json\/wp\/v2\/pages\/680\/revisions\/1741"}],"wp:attachment":[{"href":"https:\/\/centresocialcroixmercier.fr\/index.php\/wp-json\/wp\/v2\/media?parent=680"}],"curies":[{"name":"wp","href":"https:\/\/api.w.org\/{rel}","templated":true}]}}